Sindbad~EG File Manager
Current Path : /home/numerotech/access-logs/ |
Current File : //home/numerotech/access-logs/live.aios-scientificcommittee.org.numerotech.com |
114.119.139.42 - - [03/May/2025:12:19:27 +0000] "GET /aios_livenew_app/flask_session/ca4ddcbfacc26f43df40afa56901285a HTTP/1.1" 404 - "http://live.aios-scientificcommittee.org/aios_livenew_app/flask_session/?C=M%3BO%3DA" "Mozilla/5.0 (Linux; Android 7.0;) AppleWebKit/537.36 (KHTML, like Gecko) Mobile Safari/537.36 (compatible; PetalBot;+https://webmaster.petalsearch.com/site/petalbot)"
114.119.148.105 - - [03/May/2025:12:22:05 +0000] "GET /aios_livenew_app/flask_session/b576e168644813b72617bf5c1cef0944 HTTP/1.1" 404 - "http://live.aios-scientificcommittee.org/aios_livenew_app/flask_session/?C=M%3BO%3DA" "Mozilla/5.0 (Linux; Android 7.0;) AppleWebKit/537.36 (KHTML, like Gecko) Mobile Safari/537.36 (compatible; PetalBot;+https://webmaster.petalsearch.com/site/petalbot)"
114.119.166.166 - - [03/May/2025:12:43:11 +0000] "GET /aios_livenew_app/flask_session/f7e1540dadf0bd22d5d42ae336a3eac4 HTTP/1.1" 404 - "http://live.aios-scientificcommittee.org/aios_livenew_app/flask_session/?C=M%3BO%3DA" "Mozilla/5.0 (Linux; Android 7.0;) AppleWebKit/537.36 (KHTML, like Gecko) Mobile Safari/537.36 (compatible; PetalBot;+https://webmaster.petalsearch.com/site/petalbot)"
114.119.136.111 - - [03/May/2025:12:45:58 +0000] "GET /aios_livenew_app/flask_session/adad1a91c625317e68fe1253b4bb6281 HTTP/1.1" 404 - "http://live.aios-scientificcommittee.org/aios_livenew_app/flask_session/?C=M%3BO%3DA" "Mozilla/5.0 (Linux; Android 7.0;) AppleWebKit/537.36 (KHTML, like Gecko) Mobile Safari/537.36 (compatible; PetalBot;+https://webmaster.petalsearch.com/site/petalbot)"
114.119.166.166 - - [03/May/2025:12:48:29 +0000] "GET /aios_livenew_app/flask_session/84ac8d026b760e81a63125773a2939ba HTTP/1.1" 404 - "http://live.aios-scientificcommittee.org/aios_livenew_app/flask_session/?C=M%3BO%3DA" "Mozilla/5.0 (Linux; Android 7.0;) AppleWebKit/537.36 (KHTML, like Gecko) Mobile Safari/537.36 (compatible; PetalBot;+https://webmaster.petalsearch.com/site/petalbot)"
114.119.136.111 - - [03/May/2025:12:51:05 +0000] "GET /aios_livenew_app/flask_session/60ac614f9e91593c348a2b703da8b9ba HTTP/1.1" 404 - "http://live.aios-scientificcommittee.org/aios_livenew_app/flask_session/?C=M%3BO%3DA" "Mozilla/5.0 (Linux; Android 7.0;) AppleWebKit/537.36 (KHTML, like Gecko) Mobile Safari/537.36 (compatible; PetalBot;+https://webmaster.petalsearch.com/site/petalbot)"
114.119.138.251 - - [03/May/2025:12:53:43 +0000] "GET /aios_livenew_app/flask_session/39f293fe2cc607ede9b150327e25eded HTTP/1.1" 404 - "http://live.aios-scientificcommittee.org/aios_livenew_app/flask_session/?C=M%3BO%3DA" "Mozilla/5.0 (Linux; Android 7.0;) AppleWebKit/537.36 (KHTML, like Gecko) Mobile Safari/537.36 (compatible; PetalBot;+https://webmaster.petalsearch.com/site/petalbot)"
114.119.166.166 - - [03/May/2025:12:58:59 +0000] "GET /aios_livenew_app/flask_session/3615e47a1b7f108cef2e72717a495ba8 HTTP/1.1" 404 - "http://live.aios-scientificcommittee.org/aios_livenew_app/flask_session/?C=M%3BO%3DA" "Mozilla/5.0 (Linux; Android 7.0;) AppleWebKit/537.36 (KHTML, like Gecko) Mobile Safari/537.36 (compatible; PetalBot;+https://webmaster.petalsearch.com/site/petalbot)"
114.119.136.111 - - [03/May/2025:13:01:37 +0000] "GET /aios_livenew_app/flask_session/2931bf26fbbafa56849f07745ce22bc2 HTTP/1.1" 404 - "http://live.aios-scientificcommittee.org/aios_livenew_app/flask_session/?C=M%3BO%3DA" "Mozilla/5.0 (Linux; Android 7.0;) AppleWebKit/537.36 (KHTML, like Gecko) Mobile Safari/537.36 (compatible; PetalBot;+https://webmaster.petalsearch.com/site/petalbot)"
89.110.95.95 - - [03/May/2025:13:02:36 +0000] "GET /viewabstract/ HTTP/1.0" 404 - "http://live.aios-scientificcommittee.org/viewabstract/" "Mozilla/5.0 (Windows NT 10.0; Win64; x64) AppleWebKit/537.36 (KHTML, like Gecko) Chrome/131.0.0.0 Safari/537.36 Avast/131.0.0.0"
89.110.95.95 - - [03/May/2025:13:02:37 +0000] "GET / HTTP/1.0" 200 2107 "http://live.aios-scientificcommittee.org/" "Mozilla/5.0 (Windows NT 10.0; Win64; x64) AppleWebKit/537.36 (KHTML, like Gecko) Chrome/131.0.0.0 Safari/537.36 Avast/131.0.0.0"
114.119.131.14 - - [03/May/2025:13:04:12 +0000] "GET /aios_livenew_app/flask_session/245fa5ad656b37526fbc882bfd167eda HTTP/1.1" 404 - "http://live.aios-scientificcommittee.org/aios_livenew_app/flask_session/?C=M%3BO%3DA" "Mozilla/5.0 (Linux; Android 7.0;) AppleWebKit/537.36 (KHTML, like Gecko) Mobile Safari/537.36 (compatible; PetalBot;+https://webmaster.petalsearch.com/site/petalbot)"
114.119.137.122 - - [03/May/2025:13:09:44 +0000] "GET /aios_livenew_app/flask_session/1e9a18a34d2b0806653711e6bbd1ab9d HTTP/1.1" 404 - "http://live.aios-scientificcommittee.org/aios_livenew_app/flask_session/?C=M%3BO%3DA" "Mozilla/5.0 (Linux; Android 7.0;) AppleWebKit/537.36 (KHTML, like Gecko) Mobile Safari/537.36 (compatible; PetalBot;+https://webmaster.petalsearch.com/site/petalbot)"
63.32.168.157 - - [03/May/2025:14:01:31 +0000] "GET / HTTP/1.0" 200 2107 "-" "Mozilla/5.0 (compatible; NetcraftSurveyAgent/1.0; +info@netcraft.com)"
118.172.49.19 - - [03/May/2025:14:28:38 +0000] "GET /viewabstract/ HTTP/1.0" 404 - "http://live.aios-scientificcommittee.org/viewabstract/" "Mozilla/5.0 (Windows NT 10.0; Win64; x64) AppleWebKit/537.36 (KHTML, like Gecko) Chrome/129.0.0.0 Safari/537.36"
118.172.49.19 - - [03/May/2025:14:28:40 +0000] "GET / HTTP/1.0" 200 2107 "http://live.aios-scientificcommittee.org/" "Mozilla/5.0 (Windows NT 10.0; Win64; x64) AppleWebKit/537.36 (KHTML, like Gecko) Chrome/129.0.0.0 Safari/537.36"
114.119.138.251 - - [03/May/2025:14:29:27 +0000] "GET /aios_livenew_app/flask_session/ef9a152382181cb37eb1bee8b202fdb1 HTTP/1.1" 404 - "http://live.aios-scientificcommittee.org/aios_livenew_app/flask_session/?C=M%3BO%3DA" "Mozilla/5.0 (Linux; Android 7.0;) AppleWebKit/537.36 (KHTML, like Gecko) Mobile Safari/537.36 (compatible; PetalBot;+https://webmaster.petalsearch.com/site/petalbot)"
207.148.116.149 - - [03/May/2025:14:37:39 +0000] "GET /.well-known/acme-challenge/FPKA3LVUWBJ1YC2R6DLB3C-5VK7R5H5S HTTP/1.1" 200 64 "-" "Cpanel-HTTP-Client/1.0"
114.119.138.251 - - [03/May/2025:14:57:04 +0000] "GET /aios_livenew_app/flask_session/c302538c637a15d6ca41eec8d39bdcc7 HTTP/1.1" 404 - "http://live.aios-scientificcommittee.org/aios_livenew_app/flask_session/?C=M%3BO%3DA" "Mozilla/5.0 (Linux; Android 7.0;) AppleWebKit/537.36 (KHTML, like Gecko) Mobile Safari/537.36 (compatible; PetalBot;+https://webmaster.petalsearch.com/site/petalbot)"
114.119.146.141 - - [03/May/2025:15:01:59 +0000] "GET /aios_livenew_app/flask_session/5561eb4accc59fb5d145db48f8d41f20 HTTP/1.1" 404 - "http://live.aios-scientificcommittee.org/aios_livenew_app/flask_session/?C=M%3BO%3DA" "Mozilla/5.0 (Linux; Android 7.0;) AppleWebKit/537.36 (KHTML, like Gecko) Mobile Safari/537.36 (compatible; PetalBot;+https://webmaster.petalsearch.com/site/petalbot)"
173.208.248.50 - - [03/May/2025:15:46:22 +0000] "GET / HTTP/1.1" 200 2107 "-" "Mozilla/5.0 (Windows NT 10.0; Win64; x64) AppleWebKit/537.36 (KHTML, like Gecko) Chrome/91.0.4472.124 Safari/537.36 Edg/91.0.864.59"
173.208.248.50 - - [03/May/2025:15:46:22 +0000] "GET /about.php HTTP/1.1" 404 - "-" "Mozilla/5.0 (X11; Linux x86_64) AppleWebKit/537.36 (KHTML, like Gecko) Chrome/91.0.4472.124 Safari/537.36"
66.249.64.15 - - [03/May/2025:15:50:57 +0000] "GET /robots.txt HTTP/1.1" 404 - "-" "Mozilla/5.0 (compatible; Googlebot/2.1; +http://www.google.com/bot.html)"
66.249.64.13 - - [03/May/2025:15:50:58 +0000] "GET /login HTTP/1.1" 404 - "-" "Mozilla/5.0 (Linux; Android 6.0.1; Nexus 5X Build/MMB29P) AppleWebKit/537.36 (KHTML, like Gecko) Chrome/135.0.7049.95 Mobile Safari/537.36 (compatible; Googlebot/2.1; +http://www.google.com/bot.html)"
114.119.139.42 - - [03/May/2025:16:33:27 +0000] "GET /aios_livenew_app/flask_session/db64836fab86367659730acd3348fde1 HTTP/1.1" 404 - "http://live.aios-scientificcommittee.org/aios_livenew_app/flask_session/?C=M%3BO%3DA" "Mozilla/5.0 (Linux; Android 7.0;) AppleWebKit/537.36 (KHTML, like Gecko) Mobile Safari/537.36 (compatible; PetalBot;+https://webmaster.petalsearch.com/site/petalbot)"
114.119.166.166 - - [03/May/2025:16:45:23 +0000] "GET /aios_livenew_app/flask_session/ad02f8cc9be8892275225884d11098df HTTP/1.1" 404 - "http://live.aios-scientificcommittee.org/aios_livenew_app/flask_session/?C=M%3BO%3DA" "Mozilla/5.0 (Linux; Android 7.0;) AppleWebKit/537.36 (KHTML, like Gecko) Mobile Safari/537.36 (compatible; PetalBot;+https://webmaster.petalsearch.com/site/petalbot)"
114.119.166.166 - - [03/May/2025:16:50:48 +0000] "GET /aios_livenew_app/flask_session/8874561f264dd566e5f968df08070396 HTTP/1.1" 404 - "http://live.aios-scientificcommittee.org/aios_livenew_app/flask_session/?C=M%3BO%3DA" "Mozilla/5.0 (Linux; Android 7.0;) AppleWebKit/537.36 (KHTML, like Gecko) Mobile Safari/537.36 (compatible; PetalBot;+https://webmaster.petalsearch.com/site/petalbot)"
114.119.138.251 - - [03/May/2025:16:53:17 +0000] "GET /aios_livenew_app/flask_session/818be69ae6e7c350daeb023003a09182 HTTP/1.1" 404 - "http://live.aios-scientificcommittee.org/aios_livenew_app/flask_session/?C=M%3BO%3DA" "Mozilla/5.0 (Linux; Android 7.0;) AppleWebKit/537.36 (KHTML, like Gecko) Mobile Safari/537.36 (compatible; PetalBot;+https://webmaster.petalsearch.com/site/petalbot)"
114.119.137.122 - - [03/May/2025:16:55:50 +0000] "GET /aios_livenew_app/flask_session/7bceaa031fd499e3dcb0d8050a73caa5 HTTP/1.1" 404 - "http://live.aios-scientificcommittee.org/aios_livenew_app/flask_session/?C=M%3BO%3DA" "Mozilla/5.0 (Linux; Android 7.0;) AppleWebKit/537.36 (KHTML, like Gecko) Mobile Safari/537.36 (compatible; PetalBot;+https://webmaster.petalsearch.com/site/petalbot)"
114.119.137.122 - - [03/May/2025:17:00:42 +0000] "GET /aios_livenew_app/flask_session/6901d070f08bd35b355f322309774de4 HTTP/1.1" 404 - "http://live.aios-scientificcommittee.org/aios_livenew_app/flask_session/?C=M%3BO%3DA" "Mozilla/5.0 (Linux; Android 7.0;) AppleWebKit/537.36 (KHTML, like Gecko) Mobile Safari/537.36 (compatible; PetalBot;+https://webmaster.petalsearch.com/site/petalbot)"
114.119.138.251 - - [03/May/2025:17:08:09 +0000] "GET /aios_livenew_app/flask_session/5a556317822109f8734c6c84992735f6 HTTP/1.1" 404 - "http://live.aios-scientificcommittee.org/aios_livenew_app/flask_session/?C=M%3BO%3DA" "Mozilla/5.0 (Linux; Android 7.0;) AppleWebKit/537.36 (KHTML, like Gecko) Mobile Safari/537.36 (compatible; PetalBot;+https://webmaster.petalsearch.com/site/petalbot)"
114.119.138.251 - - [03/May/2025:17:13:08 +0000] "GET /aios_livenew_app/flask_session/4d60c2d2f1cb8ee943244e7737e704e1 HTTP/1.1" 404 - "http://live.aios-scientificcommittee.org/aios_livenew_app/flask_session/?C=M%3BO%3DA" "Mozilla/5.0 (Linux; Android 7.0;) AppleWebKit/537.36 (KHTML, like Gecko) Mobile Safari/537.36 (compatible; PetalBot;+https://webmaster.petalsearch.com/site/petalbot)"
114.119.131.14 - - [03/May/2025:17:15:36 +0000] "GET /aios_livenew_app/flask_session/4009e6e4bed4b31fdff4d088a0010fe7 HTTP/1.1" 404 - "http://live.aios-scientificcommittee.org/aios_livenew_app/flask_session/?C=M%3BO%3DA" "Mozilla/5.0 (Linux; Android 7.0;) AppleWebKit/537.36 (KHTML, like Gecko) Mobile Safari/537.36 (compatible; PetalBot;+https://webmaster.petalsearch.com/site/petalbot)"
114.119.136.111 - - [03/May/2025:17:18:11 +0000] "GET /aios_livenew_app/flask_session/21e02b9ddc02f575d5c918ae3e79b1ec HTTP/1.1" 404 - "http://live.aios-scientificcommittee.org/aios_livenew_app/flask_session/?C=M%3BO%3DA" "Mozilla/5.0 (Linux; Android 7.0;) AppleWebKit/537.36 (KHTML, like Gecko) Mobile Safari/537.36 (compatible; PetalBot;+https://webmaster.petalsearch.com/site/petalbot)"
114.119.146.141 - - [03/May/2025:17:20:33 +0000] "GET /aios_livenew_app/flask_session/04b66cfaad56c4334409812c3de071c5 HTTP/1.1" 404 - "http://live.aios-scientificcommittee.org/aios_livenew_app/flask_session/?C=M%3BO%3DA" "Mozilla/5.0 (Linux; Android 7.0;) AppleWebKit/537.36 (KHTML, like Gecko) Mobile Safari/537.36 (compatible; PetalBot;+https://webmaster.petalsearch.com/site/petalbot)"
94.25.225.196 - - [03/May/2025:17:21:59 +0000] "GET /viewabstract/ HTTP/1.0" 404 - "http://live.aios-scientificcommittee.org/viewabstract/" "Mozilla/5.0 (Windows NT 10.0; Win64; x64) AppleWebKit/537.36 (KHTML, like Gecko) Chrome/131.0.0.0 Safari/537.36"
94.25.225.196 - - [03/May/2025:17:22:00 +0000] "GET / HTTP/1.0" 200 2107 "http://live.aios-scientificcommittee.org/" "Mozilla/5.0 (Windows NT 10.0; Win64; x64) AppleWebKit/537.36 (KHTML, like Gecko) Chrome/131.0.0.0 Safari/537.36"
157.55.39.63 - - [03/May/2025:17:33:57 +0000] "GET /viewabstract?id=24694 HTTP/1.1" 404 - "-" "Mozilla/5.0 AppleWebKit/537.36 (KHTML, like Gecko; compatible; bingbot/2.0; +http://www.bing.com/bingbot.htm) Chrome/116.0.1938.76 Safari/537.36"
207.148.116.149 - - [03/May/2025:17:37:23 +0000] "GET /.well-known/acme-challenge/8-QX33-O2-KHGQKBM7PG8KRSRY4PAEZS HTTP/1.1" 200 64 "-" "Cpanel-HTTP-Client/1.0"
193.42.96.7 - - [03/May/2025:18:16:35 +0000] "GET / HTTP/1.1" 200 2107 "-" "Go-http-client/1.1"
114.119.139.42 - - [03/May/2025:18:17:08 +0000] "GET /aios_livenew_app/flask_session/dd241b549ba7db1a88d09e5b03e3499e HTTP/1.1" 404 - "http://live.aios-scientificcommittee.org/aios_livenew_app/flask_session/?C=M%3BO%3DA" "Mozilla/5.0 (Linux; Android 7.0;) AppleWebKit/537.36 (KHTML, like Gecko) Mobile Safari/537.36 (compatible; PetalBot;+https://webmaster.petalsearch.com/site/petalbot)"
114.119.136.111 - - [03/May/2025:18:19:33 +0000] "GET /aios_livenew_app/flask_session/637526c749cc63eeb38c383223eb1f41 HTTP/1.1" 404 - "http://live.aios-scientificcommittee.org/aios_livenew_app/flask_session/?C=M%3BO%3DA" "Mozilla/5.0 (Linux; Android 7.0;) AppleWebKit/537.36 (KHTML, like Gecko) Mobile Safari/537.36 (compatible; PetalBot;+https://webmaster.petalsearch.com/site/petalbot)"
114.119.148.105 - - [03/May/2025:18:22:01 +0000] "GET /aios_livenew_app/flask_session/45185202205180f53dbeaba0053ca9a8 HTTP/1.1" 404 - "http://live.aios-scientificcommittee.org/aios_livenew_app/flask_session/?C=M%3BO%3DA" "Mozilla/5.0 (Linux; Android 7.0;) AppleWebKit/537.36 (KHTML, like Gecko) Mobile Safari/537.36 (compatible; PetalBot;+https://webmaster.petalsearch.com/site/petalbot)"
114.119.146.141 - - [03/May/2025:18:24:30 +0000] "GET /aios_livenew_app/?C=M%3BO%3DA HTTP/1.1" 200 2945 "http://live.aios-scientificcommittee.org/aios_livenew_app/?C=D%3BO%3DA" "Mozilla/5.0 (Linux; Android 7.0;) AppleWebKit/537.36 (KHTML, like Gecko) Mobile Safari/537.36 (compatible; PetalBot;+https://webmaster.petalsearch.com/site/petalbot)"
114.119.148.105 - - [03/May/2025:18:36:19 +0000] "GET /aios_livenew_app/flask_session/0521984cc51ae9b47a6d8fad0ca396e2 HTTP/1.1" 404 - "http://live.aios-scientificcommittee.org/aios_livenew_app/flask_session/?C=M%3BO%3DA" "Mozilla/5.0 (Linux; Android 7.0;) AppleWebKit/537.36 (KHTML, like Gecko) Mobile Safari/537.36 (compatible; PetalBot;+https://webmaster.petalsearch.com/site/petalbot)"
185.143.147.244 - - [03/May/2025:18:41:07 +0000] "GET /viewabstract/ HTTP/1.0" 404 - "http://live.aios-scientificcommittee.org/viewabstract/" "Mozilla/5.0 (Windows NT 10.0; Win64; x64) AppleWebKit/537.36 (KHTML, like Gecko) Chrome/131.0.0.0 Safari/537.36 Avast/131.0.0.0"
185.143.147.244 - - [03/May/2025:18:41:07 +0000] "GET / HTTP/1.0" 200 2107 "http://live.aios-scientificcommittee.org/" "Mozilla/5.0 (Windows NT 10.0; Win64; x64) AppleWebKit/537.36 (KHTML, like Gecko) Chrome/131.0.0.0 Safari/537.36 Avast/131.0.0.0"
114.119.141.4 - - [03/May/2025:20:20:03 +0000] "GET /robots.txt HTTP/1.1" 404 - "-" "Mozilla/5.0 (compatible;PetalBot;+https://webmaster.petalsearch.com/site/petalbot)"
207.148.116.149 - - [03/May/2025:20:37:25 +0000] "GET /.well-known/acme-challenge/J3B_71GDGBS6G25ONLJVZ29HUQYW72QZ HTTP/1.1" 200 64 "-" "Cpanel-HTTP-Client/1.0"
114.119.138.251 - - [03/May/2025:20:40:14 +0000] "GET /aios_livenew_app/flask_session/e98f27160c4bfd57435f99abd971fb47 HTTP/1.1" 404 - "http://live.aios-scientificcommittee.org/aios_livenew_app/flask_session/?C=M%3BO%3DA" "Mozilla/5.0 (Linux; Android 7.0;) AppleWebKit/537.36 (KHTML, like Gecko) Mobile Safari/537.36 (compatible; PetalBot;+https://webmaster.petalsearch.com/site/petalbot)"
114.119.139.42 - - [03/May/2025:20:42:42 +0000] "GET /aios_livenew_app/flask_session/c1e4c16b395e17189b2428f3d6a1a52d HTTP/1.1" 404 - "http://live.aios-scientificcommittee.org/aios_livenew_app/flask_session/?C=M%3BO%3DA" "Mozilla/5.0 (Linux; Android 7.0;) AppleWebKit/537.36 (KHTML, like Gecko) Mobile Safari/537.36 (compatible; PetalBot;+https://webmaster.petalsearch.com/site/petalbot)"
176.226.174.237 - - [03/May/2025:21:27:19 +0000] "GET /viewabstract/ HTTP/1.0" 404 - "http://live.aios-scientificcommittee.org/viewabstract/" "Mozilla/5.0 (Windows NT 10.0; Win64; x64) AppleWebKit/537.36 (KHTML, like Gecko) Chrome/129.0.0.0 Safari/537.36"
176.226.174.237 - - [03/May/2025:21:27:20 +0000] "GET / HTTP/1.0" 200 2107 "http://live.aios-scientificcommittee.org/" "Mozilla/5.0 (Windows NT 10.0; Win64; x64) AppleWebKit/537.36 (KHTML, like Gecko) Chrome/129.0.0.0 Safari/537.36"
52.167.144.57 - - [03/May/2025:21:41:41 +0000] "GET /robots.txt HTTP/1.1" 404 - "-" "Mozilla/5.0 AppleWebKit/537.36 (KHTML, like Gecko; compatible; bingbot/2.0; +http://www.bing.com/bingbot.htm) Chrome/116.0.1938.76 Safari/537.36"
207.46.13.107 - - [03/May/2025:21:41:51 +0000] "GET /abstracts?type=FP HTTP/1.1" 404 - "-" "Mozilla/5.0 AppleWebKit/537.36 (KHTML, like Gecko; compatible; bingbot/2.0; +http://www.bing.com/bingbot.htm) Chrome/116.0.1938.76 Safari/537.36"
114.119.137.122 - - [03/May/2025:22:09:52 +0000] "GET /aios_livenew_app/flask_session/97393441e156b381110d7fa0b5ecd407 HTTP/1.1" 404 - "http://live.aios-scientificcommittee.org/aios_livenew_app/flask_session/?C=M%3BO%3DA" "Mozilla/5.0 (Linux; Android 7.0;) AppleWebKit/537.36 (KHTML, like Gecko) Mobile Safari/537.36 (compatible; PetalBot;+https://webmaster.petalsearch.com/site/petalbot)"
114.119.137.122 - - [03/May/2025:22:17:17 +0000] "GET /aios_livenew_app/flask_session/9d5685a6cff55d4cd7bf7b9916cf6629 HTTP/1.1" 404 - "http://live.aios-scientificcommittee.org/aios_livenew_app/flask_session/?C=M%3BO%3DA" "Mozilla/5.0 (Linux; Android 7.0;) AppleWebKit/537.36 (KHTML, like Gecko) Mobile Safari/537.36 (compatible; PetalBot;+https://webmaster.petalsearch.com/site/petalbot)"
114.119.139.42 - - [03/May/2025:22:22:15 +0000] "GET /aios_livenew_app/__pycache__/wsgi.cpython-37.pyc HTTP/1.1" 200 215 "http://live.aios-scientificcommittee.org/aios_livenew_app/__pycache__/?C=S%3BO%3DA" "Mozilla/5.0 (Linux; Android 7.0;) AppleWebKit/537.36 (KHTML, like Gecko) Mobile Safari/537.36 (compatible; PetalBot;+https://webmaster.petalsearch.com/site/petalbot)"
114.119.148.105 - - [03/May/2025:22:58:45 +0000] "GET /cgi-bin/ HTTP/1.1" 404 - "http://live.aios-scientificcommittee.org/?C=S%3BO%3DA" "Mozilla/5.0 (Linux; Android 7.0;) AppleWebKit/537.36 (KHTML, like Gecko) Mobile Safari/537.36 (compatible; PetalBot;+https://webmaster.petalsearch.com/site/petalbot)"
114.119.139.42 - - [03/May/2025:23:06:10 +0000] "GET /aios_livenew_app/flask_session/e0c7fd4113c09a7522a5422fc02945f1 HTTP/1.1" 404 - "http://live.aios-scientificcommittee.org/aios_livenew_app/flask_session/?C=M%3BO%3DA" "Mozilla/5.0 (Linux; Android 7.0;) AppleWebKit/537.36 (KHTML, like Gecko) Mobile Safari/537.36 (compatible; PetalBot;+https://webmaster.petalsearch.com/site/petalbot)"
114.119.166.166 - - [03/May/2025:23:08:39 +0000] "GET /aios_livenew_app/flask_session/c5455ea1fb0f1021266960e8968c2673 HTTP/1.1" 404 - "http://live.aios-scientificcommittee.org/aios_livenew_app/flask_session/?C=M%3BO%3DA" "Mozilla/5.0 (Linux; Android 7.0;) AppleWebKit/537.36 (KHTML, like Gecko) Mobile Safari/537.36 (compatible; PetalBot;+https://webmaster.petalsearch.com/site/petalbot)"
114.119.137.122 - - [03/May/2025:23:11:08 +0000] "GET /aios_livenew_app/flask_session/00622d53719e2fb61dc042bc071ab8ae HTTP/1.1" 404 - "http://live.aios-scientificcommittee.org/aios_livenew_app/flask_session/?C=M%3BO%3DA" "Mozilla/5.0 (Linux; Android 7.0;) AppleWebKit/537.36 (KHTML, like Gecko) Mobile Safari/537.36 (compatible; PetalBot;+https://webmaster.petalsearch.com/site/petalbot)"
207.148.116.149 - - [03/May/2025:23:37:40 +0000] "GET /.well-known/acme-challenge/U4UJ6KHYH9NBU1VOIOQK4K7GM18CZD1I HTTP/1.1" 200 64 "-" "Cpanel-HTTP-Client/1.0"
114.119.146.141 - - [03/May/2025:23:48:30 +0000] "GET /aios_livenew_app/flask_session/c157286844ed0b847e4e2bc011a636da HTTP/1.1" 404 - "http://live.aios-scientificcommittee.org/aios_livenew_app/flask_session/?C=M%3BO%3DA" "Mozilla/5.0 (Linux; Android 7.0;) AppleWebKit/537.36 (KHTML, like Gecko) Mobile Safari/537.36 (compatible; PetalBot;+https://webmaster.petalsearch.com/site/petalbot)"
114.119.137.122 - - [03/May/2025:23:51:00 +0000] "GET /aios_livenew_app/flask_session/3a1324c2e23481c810d3a79b8d89f70b HTTP/1.1" 404 - "http://live.aios-scientificcommittee.org/aios_livenew_app/flask_session/?C=M%3BO%3DA" "Mozilla/5.0 (Linux; Android 7.0;) AppleWebKit/537.36 (KHTML, like Gecko) Mobile Safari/537.36 (compatible; PetalBot;+https://webmaster.petalsearch.com/site/petalbot)"
202.57.210.190 - - [04/May/2025:01:05:00 +0000] "POST /vendor/phpunit/phpunit/src/Util/PHP/eval-stdin.php HTTP/1.1" 404 - "-" "python-requests/2.25.1"
202.57.210.190 - - [04/May/2025:01:05:00 +0000] "POST /api/phpunit/phpunit/src/Util/PHP/eval-stdin.php HTTP/1.1" 404 - "-" "python-requests/2.25.1"
202.57.210.190 - - [04/May/2025:01:05:00 +0000] "POST /blog/vendor/phpunit/phpunit/src/Util/PHP/eval-stdin.php HTTP/1.1" 404 - "-" "python-requests/2.25.1"
202.57.210.190 - - [04/May/2025:01:05:00 +0000] "POST /beta/vendor/phpunit/phpunit/src/Util/PHP/eval-stdin.php HTTP/1.1" 404 - "-" "python-requests/2.25.1"
202.57.210.190 - - [04/May/2025:01:05:00 +0000] "POST /lib/vendor/phpunit/phpunit/src/Util/PHP/eval-stdin.php HTTP/1.1" 404 - "-" "python-requests/2.25.1"
202.57.210.190 - - [04/May/2025:01:05:01 +0000] "POST /v1/phpunit/phpunit/src/Util/PHP/eval-stdin.php HTTP/1.1" 404 - "-" "python-requests/2.25.1"
202.57.210.190 - - [04/May/2025:01:05:01 +0000] "POST /v2/vendor/phpunit/phpunit/src/Util/PHP/eval-stdin.php HTTP/1.1" 404 - "-" "python-requests/2.25.1"
202.57.210.190 - - [04/May/2025:01:05:01 +0000] "POST /blogs/vendor/phpunit/phpunit/src/Util/PHP/eval-stdin.php HTTP/1.1" 404 - "-" "python-requests/2.25.1"
202.57.210.190 - - [04/May/2025:01:05:01 +0000] "POST /public/vendor/phpunit/phpunit/src/Util/PHP/eval-stdin.php HTTP/1.1" 404 - "-" "python-requests/2.25.1"
207.148.116.149 - - [04/May/2025:02:37:22 +0000] "GET /.well-known/acme-challenge/3O_I55FC22OUSQO499D54E07DTOQ8G91 HTTP/1.1" 200 64 "-" "Cpanel-HTTP-Client/1.0"
180.222.115.51 - - [04/May/2025:04:38:27 +0000] "GET /images/emails/dr_partha.png HTTP/1.1" 404 - "-" "YahooMailProxy; https://help.yahoo.com/kb/yahoo-mail-proxy-SLN28749.html"
180.222.115.51 - - [04/May/2025:04:38:27 +0000] "GET /images/emails/header.jpg HTTP/1.1" 404 - "-" "YahooMailProxy; https://help.yahoo.com/kb/yahoo-mail-proxy-SLN28749.html"
40.77.167.28 - - [04/May/2025:04:40:20 +0000] "GET /viewabstract?id=24413 HTTP/1.1" 404 - "-" "Mozilla/5.0 AppleWebKit/537.36 (KHTML, like Gecko; compatible; bingbot/2.0; +http://www.bing.com/bingbot.htm) Chrome/116.0.1938.76 Safari/537.36"
207.148.116.149 - - [04/May/2025:05:37:28 +0000] "GET /.well-known/acme-challenge/0LATXKH3UBG3767Y0_FNHI3TS6BE-IIA HTTP/1.1" 200 64 "-" "Cpanel-HTTP-Client/1.0"
114.119.138.251 - - [04/May/2025:05:44:55 +0000] "GET /aios_livenew_app/flask_session/db1e934796830345819d026d199174ba HTTP/1.1" 404 - "http://live.aios-scientificcommittee.org/aios_livenew_app/flask_session/?C=M%3BO%3DA" "Mozilla/5.0 (Linux; Android 7.0;) AppleWebKit/537.36 (KHTML, like Gecko) Mobile Safari/537.36 (compatible; PetalBot;+https://webmaster.petalsearch.com/site/petalbot)"
114.119.137.122 - - [04/May/2025:05:47:25 +0000] "GET /aios_livenew_app/flask_session/be3d85b04830c2a33eedb3c00ef7c25d HTTP/1.1" 404 - "http://live.aios-scientificcommittee.org/aios_livenew_app/flask_session/?C=M%3BO%3DA" "Mozilla/5.0 (Linux; Android 7.0;) AppleWebKit/537.36 (KHTML, like Gecko) Mobile Safari/537.36 (compatible; PetalBot;+https://webmaster.petalsearch.com/site/petalbot)"
1.231.27.245 - - [04/May/2025:05:49:41 +0000] "GET /viewabstract/ HTTP/1.0" 404 - "http://live.aios-scientificcommittee.org/viewabstract/" "Mozilla/5.0 (Windows NT 6.1; Win64; x64) AppleWebKit/537.36 (KHTML, like Gecko) Chrome/103.0.5060.114 Safari/537.36"
1.231.27.245 - - [04/May/2025:05:49:41 +0000] "GET / HTTP/1.0" 200 2107 "http://live.aios-scientificcommittee.org/" "Mozilla/5.0 (Windows NT 6.1; Win64; x64) AppleWebKit/537.36 (KHTML, like Gecko) Chrome/103.0.5060.114 Safari/537.36"
114.119.146.141 - - [04/May/2025:05:49:53 +0000] "GET /aios_livenew_app/flask_session/a746f0e5f6deeb3eb1ca1771d90d0395 HTTP/1.1" 404 - "http://live.aios-scientificcommittee.org/aios_livenew_app/flask_session/?C=M%3BO%3DA" "Mozilla/5.0 (Linux; Android 7.0;) AppleWebKit/537.36 (KHTML, like Gecko) Mobile Safari/537.36 (compatible; PetalBot;+https://webmaster.petalsearch.com/site/petalbot)"
114.119.138.251 - - [04/May/2025:05:52:22 +0000] "GET /aios_livenew_app/flask_session/8f17751b27e6917c6f23f1e85fd457e7 HTTP/1.1" 404 - "http://live.aios-scientificcommittee.org/aios_livenew_app/flask_session/?C=M%3BO%3DA" "Mozilla/5.0 (Linux; Android 7.0;) AppleWebKit/537.36 (KHTML, like Gecko) Mobile Safari/537.36 (compatible; PetalBot;+https://webmaster.petalsearch.com/site/petalbot)"
114.119.136.111 - - [04/May/2025:05:54:51 +0000] "GET /aios_livenew_app/flask_session/7bbf77c809da87dd965fa1317685570f HTTP/1.1" 404 - "http://live.aios-scientificcommittee.org/aios_livenew_app/flask_session/?C=M%3BO%3DA" "Mozilla/5.0 (Linux; Android 7.0;) AppleWebKit/537.36 (KHTML, like Gecko) Mobile Safari/537.36 (compatible; PetalBot;+https://webmaster.petalsearch.com/site/petalbot)"
114.119.136.111 - - [04/May/2025:05:57:19 +0000] "GET /aios_livenew_app/flask_session/48f00bcf125d92ed8b922ad78424d525 HTTP/1.1" 404 - "http://live.aios-scientificcommittee.org/aios_livenew_app/flask_session/?C=M%3BO%3DA" "Mozilla/5.0 (Linux; Android 7.0;) AppleWebKit/537.36 (KHTML, like Gecko) Mobile Safari/537.36 (compatible; PetalBot;+https://webmaster.petalsearch.com/site/petalbot)"
114.119.146.141 - - [04/May/2025:05:59:49 +0000] "GET /aios_livenew_app/flask_session/44d3fddc232b8f30c388e5ce1f4a7e9a HTTP/1.1" 404 - "http://live.aios-scientificcommittee.org/aios_livenew_app/flask_session/?C=M%3BO%3DA" "Mozilla/5.0 (Linux; Android 7.0;) AppleWebKit/537.36 (KHTML, like Gecko) Mobile Safari/537.36 (compatible; PetalBot;+https://webmaster.petalsearch.com/site/petalbot)"
114.119.148.105 - - [04/May/2025:06:02:18 +0000] "GET /aios_livenew_app/flask_session/2515d659b0ceb7249370fe27e51b8d9c HTTP/1.1" 404 - "http://live.aios-scientificcommittee.org/aios_livenew_app/flask_session/?C=M%3BO%3DA" "Mozilla/5.0 (Linux; Android 7.0;) AppleWebKit/537.36 (KHTML, like Gecko) Mobile Safari/537.36 (compatible; PetalBot;+https://webmaster.petalsearch.com/site/petalbot)"
114.119.166.166 - - [04/May/2025:06:04:46 +0000] "GET /aios_livenew_app/flask_session/0f561201bd89d01a91749d4066e43073 HTTP/1.1" 404 - "http://live.aios-scientificcommittee.org/aios_livenew_app/flask_session/?C=M%3BO%3DA" "Mozilla/5.0 (Linux; Android 7.0;) AppleWebKit/537.36 (KHTML, like Gecko) Mobile Safari/537.36 (compatible; PetalBot;+https://webmaster.petalsearch.com/site/petalbot)"
114.119.136.111 - - [04/May/2025:06:07:15 +0000] "GET /aios_livenew_app/core_old/?C=D%3BO%3DA HTTP/1.1" 200 2075 "http://live.aios-scientificcommittee.org/aios_livenew_app/core_old/?C=S%3BO%3DA" "Mozilla/5.0 (Linux; Android 7.0;) AppleWebKit/537.36 (KHTML, like Gecko) Mobile Safari/537.36 (compatible; PetalBot;+https://webmaster.petalsearch.com/site/petalbot)"
114.119.136.111 - - [04/May/2025:06:18:22 +0000] "GET /aios_livenew_app/flask_session/869072ae9fee197dee01246e63680f7e HTTP/1.1" 404 - "http://live.aios-scientificcommittee.org/aios_livenew_app/flask_session/?C=M%3BO%3DA" "Mozilla/5.0 (Linux; Android 7.0;) AppleWebKit/537.36 (KHTML, like Gecko) Mobile Safari/537.36 (compatible; PetalBot;+https://webmaster.petalsearch.com/site/petalbot)"
89.121.140.116 - - [04/May/2025:06:28:28 +0000] "GET /viewabstract/ HTTP/1.0" 404 - "http://live.aios-scientificcommittee.org/viewabstract/" "Mozilla/5.0 (Windows NT 10.0; Win64; x64) AppleWebKit/537.36 (KHTML, like Gecko) Chrome/130.0.0.0 Safari/537.36 CCleaner/130.0.0.0"
89.121.140.116 - - [04/May/2025:06:28:36 +0000] "GET / HTTP/1.0" 200 2107 "http://live.aios-scientificcommittee.org/" "Mozilla/5.0 (Windows NT 10.0; Win64; x64) AppleWebKit/537.36 (KHTML, like Gecko) Chrome/130.0.0.0 Safari/537.36 CCleaner/130.0.0.0"
114.119.138.251 - - [04/May/2025:07:15:55 +0000] "GET /aios_livenew_app/flask_session/3aa30635fd403f4c36be0cc5f4041fb4 HTTP/1.1" 404 - "http://live.aios-scientificcommittee.org/aios_livenew_app/flask_session/?C=M%3BO%3DA" "Mozilla/5.0 (Linux; Android 7.0;) AppleWebKit/537.36 (KHTML, like Gecko) Mobile Safari/537.36 (compatible; PetalBot;+https://webmaster.petalsearch.com/site/petalbot)"
114.119.139.42 - - [04/May/2025:07:28:20 +0000] "GET /aios_livenew_app/flask_session/bd348eb0ec87c70d9561358ae2911e8b HTTP/1.1" 404 - "http://live.aios-scientificcommittee.org/aios_livenew_app/flask_session/?C=M%3BO%3DA" "Mozilla/5.0 (Linux; Android 7.0;) AppleWebKit/537.36 (KHTML, like Gecko) Mobile Safari/537.36 (compatible; PetalBot;+https://webmaster.petalsearch.com/site/petalbot)"
52.167.144.156 - - [04/May/2025:07:31:34 +0000] "GET /viewabstract?id=27161 HTTP/1.1" 404 - "-" "Mozilla/5.0 AppleWebKit/537.36 (KHTML, like Gecko; compatible; bingbot/2.0; +http://www.bing.com/bingbot.htm) Chrome/116.0.1938.76 Safari/537.36"
207.148.116.149 - - [04/May/2025:08:37:31 +0000] "GET /.well-known/acme-challenge/F7_N_7_SZC21ASKRI_FCRY8Z-5K1FQM0 HTTP/1.1" 200 64 "-" "Cpanel-HTTP-Client/1.0"
114.119.137.122 - - [04/May/2025:08:48:41 +0000] "GET /aios_livenew_app/flask_session/f4cc77014764c5f2d5e7ddf1374d5d60 HTTP/1.1" 404 - "http://live.aios-scientificcommittee.org/aios_livenew_app/flask_session/?C=M%3BO%3DA" "Mozilla/5.0 (Linux; Android 7.0;) AppleWebKit/537.36 (KHTML, like Gecko) Mobile Safari/537.36 (compatible; PetalBot;+https://webmaster.petalsearch.com/site/petalbot)"
114.119.138.251 - - [04/May/2025:08:51:14 +0000] "GET /aios_livenew_app/flask_session/adad1a91c625317e68fe1253b4bb6281 HTTP/1.1" 404 - "http://live.aios-scientificcommittee.org/aios_livenew_app/flask_session/?C=M%3BO%3DA" "Mozilla/5.0 (Linux; Android 7.0;) AppleWebKit/537.36 (KHTML, like Gecko) Mobile Safari/537.36 (compatible; PetalBot;+https://webmaster.petalsearch.com/site/petalbot)"
114.119.131.14 - - [04/May/2025:08:58:37 +0000] "GET /aios_livenew_app/flask_session/9697cb1d161da74093db1533f74e2b1e HTTP/1.1" 404 - "http://live.aios-scientificcommittee.org/aios_livenew_app/flask_session/?C=M%3BO%3DA" "Mozilla/5.0 (Linux; Android 7.0;) AppleWebKit/537.36 (KHTML, like Gecko) Mobile Safari/537.36 (compatible; PetalBot;+https://webmaster.petalsearch.com/site/petalbot)"
114.119.136.111 - - [04/May/2025:09:13:29 +0000] "GET /aios_livenew_app/flask_session/68c7b68f261803a371f495b00e8a00ce HTTP/1.1" 404 - "http://live.aios-scientificcommittee.org/aios_livenew_app/flask_session/?C=M%3BO%3DA" "Mozilla/5.0 (Linux; Android 7.0;) AppleWebKit/537.36 (KHTML, like Gecko) Mobile Safari/537.36 (compatible; PetalBot;+https://webmaster.petalsearch.com/site/petalbot)"
114.119.138.251 - - [04/May/2025:09:15:58 +0000] "GET /aios_livenew_app/flask_session/d21bc94ef463396f738c61c1d306cdfb HTTP/1.1" 404 - "http://live.aios-scientificcommittee.org/aios_livenew_app/flask_session/?C=M%3BO%3DA" "Mozilla/5.0 (Linux; Android 7.0;) AppleWebKit/537.36 (KHTML, like Gecko) Mobile Safari/537.36 (compatible; PetalBot;+https://webmaster.petalsearch.com/site/petalbot)"
114.119.146.141 - - [04/May/2025:09:18:27 +0000] "GET /aios_livenew_app/flask_session/57f0d6bfe0e8eb0d828bc534f49f8b04 HTTP/1.1" 404 - "http://live.aios-scientificcommittee.org/aios_livenew_app/flask_session/?C=M%3BO%3DA" "Mozilla/5.0 (Linux; Android 7.0;) AppleWebKit/537.36 (KHTML, like Gecko) Mobile Safari/537.36 (compatible; PetalBot;+https://webmaster.petalsearch.com/site/petalbot)"
114.119.166.166 - - [04/May/2025:09:43:14 +0000] "GET /aios_livenew_app/flask_session/6fb3b5ebe6dbda0736e6fac400584217 HTTP/1.1" 404 - "http://live.aios-scientificcommittee.org/aios_livenew_app/flask_session/?C=M%3BO%3DA" "Mozilla/5.0 (Linux; Android 7.0;) AppleWebKit/537.36 (KHTML, like Gecko) Mobile Safari/537.36 (compatible; PetalBot;+https://webmaster.petalsearch.com/site/petalbot)"
114.119.136.111 - - [04/May/2025:09:45:43 +0000] "GET /aios_livenew_app/flask_session/4e9612f25b1807829bfd53c5331df39e HTTP/1.1" 404 - "http://live.aios-scientificcommittee.org/aios_livenew_app/flask_session/?C=M%3BO%3DA" "Mozilla/5.0 (Linux; Android 7.0;) AppleWebKit/537.36 (KHTML, like Gecko) Mobile Safari/537.36 (compatible; PetalBot;+https://webmaster.petalsearch.com/site/petalbot)"
114.119.146.141 - - [04/May/2025:09:48:11 +0000] "GET /aios_livenew_app/flask_session/3f3567f38ac4829bce9066572cd23e7e HTTP/1.1" 404 - "http://live.aios-scientificcommittee.org/aios_livenew_app/flask_session/?C=M%3BO%3DA" "Mozilla/5.0 (Linux; Android 7.0;) AppleWebKit/537.36 (KHTML, like Gecko) Mobile Safari/537.36 (compatible; PetalBot;+https://webmaster.petalsearch.com/site/petalbot)"
114.119.136.111 - - [04/May/2025:09:50:40 +0000] "GET /aios_livenew_app/core_old/model/UserModel.py HTTP/1.1" 200 19390 "http://live.aios-scientificcommittee.org/aios_livenew_app/core_old/model/?C=S%3BO%3DA" "Mozilla/5.0 (Linux; Android 7.0;) AppleWebKit/537.36 (KHTML, like Gecko) Mobile Safari/537.36 (compatible; PetalBot;+https://webmaster.petalsearch.com/site/petalbot)"
Sindbad File Manager Version 1.0, Coded By Sindbad EG ~ The Terrorists